pose 4*z - 850 = -4*d + 226, -3*d + 1349 = 5*z. Suppose -2*c - 360 = -4*x + 2*c, 4*c + z = 3*x. What are the prime factors of x?
89
Let t(a) = a**2 + 9*a - 8. Suppose 5*m = 15, c - 5*m - 5 = 3*c. Let p be t(c). List the prime factors of p + -1 + -2 - -20.
19
Let b(h) be the third derivative of h**6/60 - h**5/12 + 7*h**3/6 - 22*h**2. List the prime factors of b(4).
5, 11
Let j = -6 + 14. Suppose 3*n = -3*w - 12, 2*n - 5*w - j = -2. Let m(l) = -l**3 - l**2 + 3*l + 4. List the prime factors of m(n).
2
Suppose y = -3*f - 0*f + 792, -4*f = 4*y - 1056. Let r = 381 - f. What are the prime factors of r?
3, 13
Let q = -596 - -659. What are the prime factors of q?
3, 7
Let l = -13 + 15. Suppose c - l*z = 4*c - 103, -5*z - 122 = -4*c. List the prime factors of c.
3, 11
Let y(z) = -315*z - 49. List the prime factors of y(-4).
7, 173
Suppose 83490 = 26*r + 7*r. What are the prime factors of r?
2, 5, 11, 23
Suppose 5*h + 2997 = 9322. What are the prime factors of h?
5, 11, 23
Let o = -30 + 18. Let q(g) = -g**3 - 11*g**2 + 13*g + 12. Let i be q(o). Suppose i = -5*b - 25, 4*r + 4*b + 14 = r. What are the prime factors of r?
2
Let b be (-40)/(-30)*42/8. Let z = 12 - b. Suppose -4*c = 5*u - 54, -z*u - 5*c = -3 - 47. What are the prime factors of u?
2, 7
Suppose -4*j + 3*j + 2 = 0. Suppose -4 = 5*o - 4*v, -o - 2 = 2*o - j*v. Let t(p) = p**2 + p + 21. List the prime factors of t(o).
3, 7
Suppose 2*o = -2*o - 168. Let d = 6 - o. What are the prime factors of d?
2, 3
Let g(b) = b**3 + 16*b**2 + 3*b + 3*b**2 - 6*b - 11. List the prime factors of g(-19).
2, 23
Suppose -5*m + 4*k + 3 = 0, 3*k - 8 = -2*m + 7. Suppose -3*y - 7 = 2*a + 11, 0 = -m*a + 3*y - 12. List the prime factors of ((-9)/a)/((-3)/(-4)).
2
What are the prime factors of ((-238)/(-51) - 1/6)*302?
3, 151
Let t = -96 + 841. What are the prime factors of t?
5, 149
Let x(i) = i**2 + 3*i - 5. Let q be x(-5). Suppose 0 = -p + 2*r + 25 - 0, 19 = p - q*r. What are the prime factors of p?
29
Let z(j) = 109*j + 250. List the prime factors of z(10).
2, 5, 67
Suppose -3*i + 0*i = -45. Let v = i + -13. Suppose 3*h + v*h = 270. List the prime factors of h.
2, 3
List the prime factors of (17/(136/(-31904)))/(-2).
2, 997
Let k = -32 - -446. List the prime factors of k.
2, 3, 23
Let r = 114 + -32. Let v = r + -44. Suppose 2*z = 3*z + a - v, 4*a = 5*z - 199. List the prime factors of z.
3, 13
Let f(v) = -v**2 - 15*v + 9. Let i be f(-8). Let c = i + 41. Let q = c - 71. What are the prime factors of q?
5, 7
Suppose 97*j - 192900 = 47*j. List the prime factors of j.
2, 3, 643
Suppose -5*w - 7 = -4*y, 3*y + 11 = -3*w - 4. Let i be (1/y)/((-3)/(-36)). List the prime factors of (i - 14)/(4/(-6)).
2, 3, 5
Suppose -775 = -5*p - 10. Suppose p = -a + 4*a. List the prime factors of a.
3, 17
Suppose z = -h + 91, 293 = 2*z + h + 108. Suppose z = 5*o + 14. What are the prime factors of o?
2
Let m = 25 - 19. Let k(n) = -6 + 0*n + n**2 + 2*n + 1 + 0*n. List the prime factors of k(m).
43
Let j(w) = -60*w + 25*w - 2 + 6*w**2 + 30*w. List the prime factors of j(4).
2, 37
Let n be 1 + 4*3/12. Suppose -180 = -i - n*i - 3*k, -4*i - 2*k + 234 = 0. Suppose 3*g - 21 - i = 0. List the prime factors of g.
2, 13
Let k(i) = 4*i + 10. Let x be k(-5). Let o be (-2842)/(-35) + (-8)/x. Let s = 144 - o. List the prime factors of s.
2, 31
Suppose 0 = 5*p + 3*b + b - 1057, 858 = 4*p - 3*b. List the prime factors of p.
3, 71
Suppose s = -3*s + 1468. Suppose 0 = -4*b - s + 127. List the prime factors of b/(-9)*(-6)/(-5).
2
List the prime factors of 595 - 18*3/6.
2, 293
Let j(q) = 73*q + 10. What are the prime factors of j(3)?
229
Let q(t) = 19*t**2 - 6*t - 11. Let d be q(-3). Suppose -2*i + d = -a, -a - 4*a - 455 = -5*i. What are the prime factors of i?
3, 29
Let l(y) = y**2 + 20*y + 7. List the prime factors of l(24).
1063
Let n = -89 - -444. Let z = -223 + n. Suppose -z = -3*f + 27. List the prime factors of f.
53
Let q = 24 + 5. Suppose 89 = 3*d + q. Let v = 28 - d. List the prime factors of v.
2
Let a(b) = -1408*b - 42. List the prime factors of a(-2).
2, 19, 73
Let f(t) = -t**3 + 7*t**2 - 8*t + 7. Let m = 20 + -35. Let r = m + 20. List the prime factors of f(r).
17
Let z = 3 - -1. Suppose 0 = j - h - 1, -h = -z*j - 6*h - 32. List the prime factors of 10*2 + j - -3.
2, 5
Let w(b) = 22*b - 23*b - 4 - 6 + 6*b**2 + b**3. What are the prime factors of w(-4)?
2, 13
Let y be 3 + -13 - (-2 + 0). Let u(o) = -11*o + 55. What are the prime factors of u(y)?
11, 13
List the prime factors of (-19000)/175*(-21)/6.
2, 5, 19
Let m(a) be the third derivative of -a**4/8 + a**3/2 + 9*a**2. Let s be m(-3). Let l(o) = 6*o - 9. List the prime factors of l(s).
3, 7
Let n = 40 + 787. What are the prime factors of n?
827
Let f be 2/(-10)*-5 + (8 - 1). Suppose 534 = f*v - 5*v. List the prime factors of v.
2, 89
What are the prime factors of (-11802)/(10 - 17)*(-2)/(-12)?
281
Let h(s) = -s**2 + 14*s + 22. Let n be h(15). Let t(x) = -x**3 + 6*x**2 + 10*x - 9. Let m be t(n). Suppose -102 = 10*c - m*c. List the prime factors of c.
3, 17
Let r = 972 + -475. List the prime factors of r.
7, 71
Let v(i) = -18*i + 27. Let n be v(-6). What are the prime factors of n - 1 - (-1 + -3)?
2, 3, 23
Let s = -1173 - -263. List the prime factors of (s/(4 - 9))/2.
7, 13
Suppose 0 = -18*i + 17*i + 4. Let v(d) = 2*d**3 + 3*d**2 - 5*d + 2. List the prime factors of v(i).
2, 79
Let h = 36 - 37. Let b(z) = -127*z - 1. List the prime factors of b(h).
2, 3, 7
Suppose 2*p + p = -201. Let f = -29 - p. What are the prime factors of f?
2, 19
Let g(s) = -s**2 + 39*s + 40. Let b be g(32). Let y = -148 + b. What are the prime factors of y?
2, 29
Suppose -47 - 23 = 5*c. List the prime factors of (-3459)/(-21) - 4/c.
3, 5, 11
Suppose o - 254 = 3*i - 0*o, 250 = -3*i - o. Let d be (3/(-9))/(7/i). Suppose 3 = -2*s - 1, d*s = 3*m - 119. What are the prime factors of m?
37
Let z(m) = -6*m**2 + 12*m + 10. Let q be z(-6). Let c = 504 + q. List the prime factors of c.
2, 113
List the prime factors of (-7)/42 - 124026/(-36).
5, 13, 53
Suppose 5*v + 5*s - 1748 = 1567, 3*s = 4*v - 2624. What are the prime factors of v?
659
Suppose -q - 893 = -3*h, 2*h = 2*q - 50 + 644. What are the prime factors of h?
2, 149
Let h = -1112 - -1944. List the prime factors of h.
2, 13
Let a = 372 - 198. Suppose 32 - a = -k. List the prime factors of k.
2, 71
Let n(s) = s**2 - 3*s - 8. Let l be n(5). Suppose -21 = -3*w - 4*y + 123, -5*w = l*y - 240. What are the prime factors of w?
2, 3
Suppose 436*m - 432*m = 816. Suppose -3*x = -j + m, 7*x + 980 = 5*j + 2*x. List the prime factors of j.
2, 3
Suppose m - 2*d + 298 - 1325 = 0, 4*d = 4*m - 4124. What are the prime factors of m?
3, 5, 23
Suppose -7*l + 52 = -3*l. Let m = l - 8. Suppose 0 = -0*s + m*s - 70. What are the prime factors of s?
2, 7
Suppose 17426 = 25*y + 4501. List the prime factors of y.
11, 47
Suppose 4*n + 9 = 5*n. Let z = -7 + n. Suppose -76 = -2*d - z*d. List the prime factors of d.
19
Let f be 16/(3 - 1) - 2. Suppose 0*t = 5*t - 5. Suppose f + t = k. What are the prime factors of k?
7
Let z = -64 - -10. Let c be 4/3 - (-18)/z. List the prime factors of (2 - -15)/(c - 0).
17
What are the prime factors of (114/(-4))/(45/(-780))?
2, 13, 19
Suppose -4*y = -2*o - 3*o - 50, 0 = y + 5. Let c(b) = -2*b**3 + 7*b**2 - 4*b + 1. Let s be c(3). What are the prime factors of (20/o)/(s/70)?
2, 5
Suppose -76 = -4*j + 6*j. Let o = -72 - j. Let q = o - -66. List the prime factors of q.
2
Let z(c) = -c + 6. Let y be z(-2). List the prime factors of 73 - (2/8 + (-26)/y).
2, 19
Suppose -b - 29 + 14 = 0. Let i = 73 + b. What are the prime factors of i?
2, 29
Suppose -4*w + 5*u = -59, -5*w + 19 = -5*u - 61. Let v be (6/(-5))/(-3)*90. Let i = v + w. List the prime factors of i.
3, 19
Let h be ((-250)/(-6))/((-3)/(-45)). Let p = h - 390. List the prime factors of p.
5, 47
Suppose r = 4*x - 128, x - r - 43 = 2*r. Suppose 2*j + x = j. List the prime factors of -2*j/4*2.
31
Let l = 39 - 35. What are the prime factors of 358/l + (-3)/2?
2, 11
Let l(j) = 2*j - 1. Let x be l(-6). Suppose 0 = h - 5*h - 3*n + 105, h - 55 = 5*n. Let z = h + x. What are the prime factors of z?
17
Suppose 0 = 4*x + u - 2*u - 145, -68 = -2*x + 2*u. Let i = x + -19. Suppose b + 4*s - i = 0, -s = -2*b - 0*s + 18. What are the prime